pose -2 = -5*y - 17, 4*p = -4*y - 32. Let s = -21 + 18. What are the prime factors of s/p - (-194)/10?
2, 5
Suppose 0 = 3*l - 21 + 45. What are the prime factors of (1 + 20/l)/((-9)/2460)?
2, 5, 41
Let t(y) = -4*y - 18. Let m be t(-7). Suppose w + 5067 = m*w. Suppose 4*a = -8, 0*i + 4*a + w = 3*i. What are the prime factors of i?
5, 37
Suppose 4*i = 2*i - 2*i. Let l be -1 + (-4)/((-16)/20) + i. Suppose 0 = 5*a - 20, 3*p - 2*a - 5 = -l. What are the prime factors of p?
3
Suppose 4*z = l - 22499, -2*l - 146*z + 45020 = -143*z. What are the prime factors of l?
71, 317
Let h(j) = 515*j - 1612. What are the prime factors of h(13)?
13, 17, 23
Let c(o) = 5*o**2 + 5*o - 23. Suppose -j + 7 = -0. Let w be c(j). Let z = 363 - w. What are the prime factors of z?
2, 53
Let o be ((-468)/(-15))/((-1)/40) + 2. Let x = -865 - o. List the prime factors of x.
3, 127
Suppose 144*j + 1391861 = 231*j + 296705. List the prime factors of j.
2, 3, 1049
Let u be 0 + (5 - 3)/((-3)/(-309)). Suppose -u = 6*b - 8*b. List the prime factors of b.
103
What are the prime factors of (14/((-70)/(-3189)))/((-6)/(-40))?
2, 1063
Let c(r) = r**3 - 21*r**2 + 19*r + 52. Let u be c(15). Let l = u - -1426. What are the prime factors of l?
7, 59
Suppose -37*q - 9*q + 47472 = 0. Let h = -761 + q. What are the prime factors of h?
271
List the prime factors of 29562 - -6*(2 + 56/(-21)).
2, 14779
Let i(u) = u**3 - u**2. Let r(g) = 256*g**3 + 2*g**2 + 5*g + 4. Let s(q) = -2*i(q) - r(q). What are the prime factors of s(-1)?
7, 37
Let s be ((-12)/(-34))/(-3) + (-125550)/102. Let a = -765 - s. List the prime factors of a.
2, 233
Suppose -3*s - 3*a + 69 = 3, -60 = -4*s + 3*a. Suppose 11*d = s*d - 6258. What are the prime factors of d?
2, 3, 149
Suppose -4*w = -5*w - t + 2, 5*t = -2*w + 4. Let k be w/(-9)*(-10 + 1). Suppose 0 = -2*l - l + k*m + 375, -2*l + m = -251. What are the prime factors of l?
127
Let o be 7/(21/18) - 3/1. Suppose o*w = -19 + 34. Suppose 3*q - 200 = -w*v, -q + 196 = 2*q + v. What are the prime factors of q?
5, 13
Suppose -8 = -7*t + 13. Suppose -2*s = 2*s + 20, -2*s = -t*g + 25. Suppose -g*h + 2*v + 333 = -42, -4*h + 300 = -3*v. What are the prime factors of h?
3, 5
Let s(x) be the first derivative of -x**4/4 - 8*x**3/3 - 3*x**2/2 - 9*x - 20. Let c be s(-8). List the prime factors of 14532/315 + -2 + 28/c.
2, 23
Suppose -2*j + 3328 = -8348. Suppose j - 1141 = 7*v. List the prime factors of v.
11, 61
List the prime factors of (72/(-14))/(35/169050*-20).
2, 3, 23
Suppose -l - 109 = -6*l + w, 3*l - 2*w = 64. Let u be (-108)/(-24)*2/1. Suppose -10*n + u*n = -l. List the prime factors of n.
2, 11
Let g(n) be the first derivative of -5*n**4/4 - 2*n**3/3 - 3*n**2/2 - 3*n + 16. Suppose -3 = -x + 2*x. List the prime factors of g(x).
3, 41
Let i = -2455 - -5899. List the prime factors of i.
2, 3, 7, 41
Let p(n) = -567*n - 5135. What are the prime factors of p(-13)?
2, 13, 43
Let s be 15/2*(240/25)/(-4). What are the prime factors of (594/s)/(1*-1)?
3, 11
Let h be 374/4 - 36/(-24). Suppose -h*k = -91*k - 980. Suppose -2*p - 3*p = 5*t - k, -4*p + 2*t = -196. List the prime factors of p.
7
Let r = 13 + -9. Suppose d + 37 = -q + 337, -r*d + 4*q + 1224 = 0. What are the prime factors of d?
3, 101
Suppose 5*f - 3*p = 376419, p - 67059 - 8220 = -f. What are the prime factors of f?
2, 3, 12547
Let p(t) be the first derivative of 3*t**4/4 + 11*t**3/3 - 15*t**2/2 - 32. Let z(y) be the second derivative of p(y). List the prime factors of z(5).
2, 7
Let j = 55 + -11. Let d = -44 + j. Suppose d = -3*w - 0*w + 18. What are the prime factors of w?
2, 3
Let g(r) = -4*r**2 + 2*r - 13. Let u be g(-5). Let m = 213 - u. Suppose 6*j - m = 2*j. What are the prime factors of j?
2, 3, 7
Let i(m) = 21*m + 44. Let g be i(5). Let r = g - -342. List the prime factors of r.
491
Let h(u) = 155*u**2 + 17*u - 31. What are the prime factors of h(-6)?
13, 419
What are the prime factors of (2 + 321)*12/(-156)*-949?
17, 19, 73
List the prime factors of -5 + 43732 + -6 + 15.
2, 7, 11, 71
Let o(q) = 10*q**2 - 16*q + 23. Let f be o(10). Let s = -281 + f. List the prime factors of s.
2, 3, 97
Let k be ((-3)/(-1))/((-1)/(-3)). Suppose k*p = -7*p + 1488. List the prime factors of p.
3, 31
Suppose 3*f - 4*j + 97 = -39, 0 = -j - 2. Let s = 85 + f. What are the prime factors of s?
37
What are the prime factors of (-2)/(0 - -1) + (-15)/45*-10284?
2, 3, 571
Let f(z) = 2*z**2 - 17*z - 22. Let m be f(-11). Let r be 206 - (5 - 5/5). Let t = m - r. What are the prime factors of t?
5, 41
Let f(q) = -q**3 - 7*q**2 + 5*q + 7. Let h be f(-8). Suppose -h = 2*b - 27. What are the prime factors of 30/9*(105/b)/(-7)?
5
Let a = 1583 + -1390. List the prime factors of a.
193
Let f(m) = 3*m**2 - 147*m - 3372. List the prime factors of f(-101).
2, 3, 7013
Let f(b) = -975*b - 14. Let p be (4/2)/((-6)/(-8 - -11)). What are the prime factors of f(p)?
31
Let z = -32211 + 49482. List the prime factors of z.
3, 19, 101
Suppose 2359 - 21652 = -29*k + 97200. List the prime factors of k.
3, 13, 103
Suppose -80212 - 134255 = -67*c. What are the prime factors of c?
3, 11, 97
Suppose -4*b = -2*b + 2. What are the prime factors of (1 + 36/(-24))/(b/2166)?
3, 19
Let i be 3/((-7)/14*-2). What are the prime factors of i/(-5 - 2866/(-572))?
2, 11, 13
Let h(f) = -8*f + 12. Let k(i) = -15*i + 23. Let d(l) = 7*h(l) - 3*k(l). Suppose -7*j + 17*j + 70 = 0. List the prime factors of d(j).
2, 23
List the prime factors of (-1020543)/(-27) + (6/36)/(30/20).
2, 18899
Suppose -4*f + 4*l + 159124 = 0, 719*f = 724*f + l - 198857. List the prime factors of f.
31, 1283
Suppose 0 = 5*v - 230*v + 3605162 + 425038. What are the prime factors of v?
2, 2239
Let z(g) = 1743*g - 8. What are the prime factors of z(2)?
2, 37, 47
Suppose 0 = -49*b + 64*b + 135. What are the prime factors of (1 - (-15)/b)*(-10 + -437)?
2, 149
Let r(b) = -2*b**2 + 10*b + 19. Let f be r(6). Let c(q) = q**3 - 9*q**2 + 7*q - 11. Let s be c(f). Let w = s + 93. List the prime factors of w.
3, 11
Let r be -1 - 0 - 11 - -2. Let z(q) = 8*q - 6. Let g be z(r). Let f = g - -149. What are the prime factors of f?
3, 7
Suppose 4*v - 2*d - 42 = 0, 0 = v + 4*v + 4*d - 20. Let w = 145 - v. What are the prime factors of w?
137
Let k(a) = -9*a - 5. Let h be k(-6). Let s be 9 - (-15 + 20) - (17 - -3). Let t = h + s. What are the prime factors of t?
3, 11
Let u be (9/(-12))/((-9)/8)*9765. Suppose -9*g + 23*g + u = 0. Let m = -253 - g. List the prime factors of m.
2, 53
Let k(j) = -79*j + 6085. What are the prime factors of k(0)?
5, 1217
Suppose 7*l - 55 = 15. Suppose 8*d = 3*d + l. Suppose -a - 3*u + 67 = 0, a - 4*u + d*u - 42 = 0. List the prime factors of a.
2, 13
Let w = -59 + 25. Let y = w - -36. List the prime factors of 169/y - (-5)/(-10).
2, 3, 7
Let j = -34 - -35. List the prime factors of ((1164/(-15))/j)/((-10)/25).
2, 97
Suppose 3*v + 819 = 6*v. List the prime factors of (v/(-42))/(((-3)/10)/3).
5, 13
Let v = 305 - 303. Suppose 2*w - 3056 = -v*a, -12 = 11*a - 14*a. List the prime factors of w.
2, 3, 127
Suppose 162*b - 765232 = 166802 + 1632750. What are the prime factors of b?
2, 1979
Suppose g = -4*a + 18, 0 = -5*g - 2*a - 13 + 49. Let v be 9/g*612/27. Suppose -9*c + 38 = -v. What are the prime factors of c?
2
Let d(f) = 11*f**2 + 0*f**2 - 767*f + 116 + 778*f. List the prime factors of d(-9).
2, 227
Suppose -10*v + 22 - 2 = 0. Let a = -1 - v. Let y(r) = -4*r**3 - r**2 + 3*r + 7. What are the prime factors of y(a)?
97
What are the prime factors of 10 - (5 + (-5)/((-35)/(-126063)))?
2, 9007
Suppose -3*a = -b - 103953, -4*b = -3*a + 56735 + 47227. What are the prime factors of a?
2, 3, 5, 7, 11
Let c(v) = 1163*v + 8337. What are the prime factors of c(-5)?
2, 13, 97
Let d(r) = -106*r**2 - 29*r - 29. Let l be d(-1). Let n = 385 + l. List the prime factors of n.
3, 31
Let v(l) = 10333*l**2 + 9*l - 6. What are the prime factors of v(1)?
2, 17, 19
Let r(y) = 19*y**3 - y**2 + 9*y - 13. List the prime factors of r(5).
2, 3, 397
Suppose -5778*i + 5*v - 27141 = -5781*i, 36153 = 4*i - 5*v. List the prime factors of i.
2, 3, 11, 137
Suppose 52 = 10*p - 38. Suppose -p*h = -131 - 76. List the prime factors of h.
23
Suppose 0 = t + 2, -5*s + 5*t - 4*t + 28422 = 0. Suppose 1133 = 5*j + 3*y - s, 5*y = 5*j - 6825. What are the 